e factors of 194782?
2, 7, 13913
List the prime factors of 225258.
2, 3, 11, 3413
What are the prime factors of 34592?
2, 23, 47
List the prime factors of 654071.
11, 97, 613
What are the prime factors of 45187?
73, 619
List the prime factors of 2538818.
2, 19, 71, 941
List the prime factors of 3095667.
3, 343963
What are the prime factors of 4036600?
2, 5, 20183
List the prime factors of 203610.
2, 3, 5, 11, 617
List the prime factors of 5140897.
61, 71, 1187
List the prime factors of 627161.
31, 20231
What are the prime factors of 4731118?
2, 7, 29, 43, 271
What are the prime factors of 18569283?
3, 2213, 2797
What are the prime factors of 3394246?
2, 47, 36109
List the prime factors of 8676911.
23, 377257
List the prime factors of 24044683.
13, 23, 29, 47, 59
What are the prime factors of 481552?
2, 30097
List the prime factors of 5732542.
2, 2866271
What are the prime factors of 118937?
7, 13, 1307
List the prime factors of 10845.
3, 5, 241
What are the prime factors of 5603619?
3, 7, 266839
List the prime factors of 655157.
655157
List the prime factors of 2103104.
2, 17, 1933
What are the prime factors of 2899620?
2, 3, 5, 89, 181
What are the prime factors of 66914?
2, 33457
What are the prime factors of 3397024?
2, 83, 1279
What are the prime factors of 2444687?
7, 349241
List the prime factors of 644684.
2, 41, 3931
List the prime factors of 9696313.
11, 109, 8087
What are the prime factors of 19907279?
7, 406271
List the prime factors of 349864.
2, 101, 433
List the prime factors of 715224.
2, 3, 17, 1753
List the prime factors of 3750196.
2, 23, 40763
What are the prime factors of 1954565?
5, 43, 9091
What are the prime factors of 1623996?
2, 3, 11, 1367
What are the prime factors of 945335?
5, 189067
What are the prime factors of 595313?
595313
List the prime factors of 13498015.
5, 109, 24767
List the prime factors of 812380.
2, 5, 151, 269
List the prime factors of 1161483.
3, 387161
List the prime factors of 1031373.
3, 7, 17, 107
What are the prime factors of 28885170?
2, 3, 5, 962839
What are the prime factors of 628204?
2, 157051
What are the prime factors of 185815?
5, 7, 5309
List the prime factors of 255457.
255457
List the prime factors of 23390296.
2, 2923787
List the prime factors of 385111.
19, 20269
List the prime factors of 703148.
2, 37, 4751
List the prime factors of 1993432.
2, 7, 35597
What are the prime factors of 97580?
2, 5, 7, 17, 41
What are the prime factors of 36454440?
2, 3, 5, 11, 27617
What are the prime factors of 1673488?
2, 104593
List the prime factors of 948846.
2, 3, 158141
List the prime factors of 224206.
2, 112103
List the prime factors of 222545.
5, 47, 947
What are the prime factors of 34861?
71, 491
What are the prime factors of 6364125?
3, 5, 5657
List the prime factors of 1690809.
3, 373, 1511
List the prime factors of 338815.
5, 67763
List the prime factors of 2641933.
7, 53917
List the prime factors of 960146.
2, 11, 19, 2297
List the prime factors of 75385.
5, 15077
What are the prime factors of 2412998?
2, 7, 172357
What are the prime factors of 16257329?
11, 173, 8543
List the prime factors of 1570667.
7, 173, 1297
List the prime factors of 84467.
84467
What are the prime factors of 1242296?
2, 11, 19, 743
List the prime factors of 25609.
25609
List the prime factors of 1737121.
23, 75527
List the prime factors of 4181130.
2, 3, 5, 46457
List the prime factors of 1408802.
2, 59, 11939
List the prime factors of 142218.
2, 3, 7901
What are the prime factors of 3693455?
5, 23, 32117
What are the prime factors of 964725?
3, 5, 19, 677
What are the prime factors of 2563139?
2563139
List the prime factors of 5440727.
829, 6563
What are the prime factors of 7175264?
2, 23, 9749
List the prime factors of 421880.
2, 5, 53, 199
What are the prime factors of 8210717?
19, 432143
List the prime factors of 11116591.
53, 137, 1531
List the prime factors of 18383231.
43, 427517
List the prime factors of 6439.
47, 137
What are the prime factors of 687665?
5, 11, 12503
List the prime factors of 8165922.
2, 3, 53, 25679
List the prime factors of 351800.
2, 5, 1759
List the prime factors of 1546855.
5, 309371
What are the prime factors of 106079?
37, 47, 61
What are the prime factors of 18466852?
2, 29, 397, 401
List the prime factors of 344284.
2, 17, 61, 83
What are the prime factors of 39988?
2, 13, 769
What are the prime factors of 2806361?
2806361
List the prime factors of 561157.
281, 1997
List the prime factors of 7654671.
3, 37, 127, 181
What are the prime factors of 316756?
2, 11, 23, 313
What are the prime factors of 423253?
151, 2803
What are the prime factors of 258035?
5, 51607
List the prime factors of 101420.
2, 5, 11, 461
What are the prime factors of 220375?
5, 41, 43
List the prime factors of 557949.
3, 7, 163
List the prime factors of 477034.
2, 137, 1741
List the prime factors of 28625321.
28625321
What are the prime factors of 208889?
208889
What are the prime factors of 12393201?
3, 173, 23879
What are the prime factors of 3259370?
2, 5, 397, 821
List the prime factors of 30519.
3, 3391
List the prime factors of 5012520.
2, 3, 5, 41771
What are the prime factors of 142239?
3, 17, 2789
List the prime factors of 119622.
2, 3, 19937
What are the prime factors of 1424162?
2, 337, 2113
What are the prime factors of 869366?
2, 434683
List the prime factors of 1601873.
7, 13, 29, 607
What are the prime factors of 326262?
2, 3, 54377
What are the prime factors of 20214385?
5, 19, 389, 547
List the prime factors of 265585.
5, 53117
List the prime factors of 28117888.
2, 107, 2053
What are the prime factors of 5831128?
2, 728891
List the prime factors of 5518920.
2, 3, 5, 11, 37, 113
What are the prime factors of 28589719?
31, 109, 8461
What are the prime factors of 766169?
766169
List the prime factors of 91903.
7, 19, 691
List the prime factors of 8755026.
2, 3, 7, 97, 307
What are the prime factors of 167546?
2, 83773
What are the prime factors of 3311065?
5, 317, 2089
What are the prime factors of 899751?
3, 181, 1657
What are the prime factors of 7741221?
3, 2580407
List the prime factors of 4460964.
2, 3, 41, 9067
What are the prime factors of 7863764?
2, 1965941
What are the prime factors of 672512?
2, 37, 71
What are the prime factors of 147674?
2, 47, 1571
What are the prime factors of 72199?
17, 31, 137
List the prime factors of 340413.
3, 233, 487
List the prime factors of 123926.
2, 11, 43, 131
What are the prime factors of 830843?
13, 79, 809
List the prime factors of 17964597.
3, 7, 17, 50321
List the prime factors of 3955610.
2, 5, 19, 109, 191
List the prime factors of 3753698.
2, 13, 59, 2447
What are the prime factors of 16086371?
7, 61, 101, 373
List the prime factors of 563218.
2, 281609
List the prime factors of 243865.
5, 17, 19, 151
List the prime factors of 170720.
2, 5, 11, 97
List the prime factors of 1078388.
2, 269597
List the prime factors of 808007.
139, 5813
What are the prime factors of 21443095?
5, 4288619
List the prime factors of 35341.
59, 599
What are the prime factors of 584532?
2, 3, 13, 1249
What are the prime factors of 41309?
101, 409
What are the prime factors of 191710?
2, 5, 19, 1009
What are the prime factors of 1247299?
107, 11657
List the prime factors of 8296866.
2, 3, 460937
List the prime factors of 7952750.
2, 5, 13, 2447
What are the prime factors of 5184234?
2, 3, 11, 26183
List the prime factors of 1089627.
3, 7, 11, 53, 89
List the prime factors of 129114.
2, 3, 797
What are the prime factors of 13710697?
7, 11, 13, 13697
What are the prime factors of 264018?
2, 3, 79, 557
What are the prime factors of 203256?
2, 3, 941
What are the prime factors of 187745?
5, 37549
List the prime factors of 114301.
11, 10391
What are the prime factors of 117380?
2, 5, 5869
What are the prime factors of 136749?
3, 79, 577
What are the prime factors of 21077314?
2, 17, 619921
What are the prime factors of 4692977?
43, 109139
What are the prime factors of 16306321?
47, 346943
List the prime factors of 358326.
2, 3, 17, 1171
List the prime factors of 4720715.
5, 944143
List the prime factors of 294864.
2, 3, 6143
What are the prime factors of 2034621?
3, 181, 1249
List the prime factors of 691044.
2, 3, 57587
List the prime factors of 15968178.
2, 3, 2